t is the remainder when 67412300 is divided by 3056?
3052
What is the remainder when 94561740 is divided by 3?
0
What is the remainder when 55423 is divided by 48481?
6942
Calculate the remainder when 9653721 is divided by 689551.
7
What is the remainder when 135198 is divided by 129?
6
What is the remainder when 1810468 is divided by 511?
506
What is the remainder when 2647970 is divided by 107?
41
Calculate the remainder when 96582 is divided by 3610.
2722
What is the remainder when 1435272 is divided by 159474?
6
What is the remainder when 79026405 is divided by 1704?
1701
Calculate the remainder when 10092413 is divided by 183496.
133
What is the remainder when 531577 is divided by 111?
109
Calculate the remainder when 47303 is divided by 1018.
475
Calculate the remainder when 107135906 is divided by 31.
30
Calculate the remainder when 51210932 is divided by 55.
47
What is the remainder when 2151501 is divided by 669?
666
What is the remainder when 69860 is divided by 742?
112
Calculate the remainder when 88256 is divided by 1177.
1158
What is the remainder when 812585 is divided by 53?
42
What is the remainder when 28295 is divided by 2752?
775
Calculate the remainder when 904708 is divided by 6801.
175
Calculate the remainder when 179487 is divided by 22427.
71
What is the remainder when 430800 is divided by 193?
24
What is the remainder when 17867262 is divided by 195?
192
What is the remainder when 767799 is divided by 191694?
1023
What is the remainder when 85141 is divided by 3530?
421
What is the remainder when 60203764 is divided by 8357?
8293
Calculate the remainder when 16851542 is divided by 3370279.
147
What is the remainder when 182191 is divided by 70?
51
Calculate the remainder when 10460172 is divided by 6309.
6159
What is the remainder when 23879697 is divided by 234?
231
What is the remainder when 1503715 is divided by 442?
31
Calculate the remainder when 20914 is divided by 4171.
59
Calculate the remainder when 12313 is divided by 1161.
703
What is the remainder when 57658268 is divided by 19219415?
23
Calculate the remainder when 125190 is divided by 62553.
84
What is the remainder when 5442 is divided by 4313?
1129
Calculate the remainder when 5116785 is divided by 1602.
1599
What is the remainder when 95246 is divided by 7927?
122
What is the remainder when 1029025 is divided by 12?
1
What is the remainder when 124002 is divided by 61106?
1790
What is the remainder when 39437 is divided by 6548?
149
Calculate the remainder when 5679981 is divided by 90.
81
What is the remainder when 4605370 is divided by 4952?
10
Calculate the remainder when 1448811 is divided by 18338.
109
What is the remainder when 6944928 is divided by 434056?
32
What is the remainder when 29331 is divided by 29097?
234
Calculate the remainder when 2009194 is divided by 1919.
1
What is the remainder when 3513027 is divided by 245?
217
Calculate the remainder when 7772377 is divided by 11009.
23
Calculate the remainder when 13441118 is divided by 770.
768
What is the remainder when 6557 is divided by 2168?
53
Calculate the remainder when 21627741 is divided by 13802.
7
What is the remainder when 759991 is divided by 108521?
344
What is the remainder when 37211048 is divided by 43?
9
What is the remainder when 289064 is divided by 3441?
20
Calculate the remainder when 142666 is divided by 755.
726
Calculate the remainder when 607914 is divided by 2789.
2701
What is the remainder when 111370 is divided by 2124?
922
Calculate the remainder when 88985406 is divided by 61.
9
Calculate the remainder when 16263986 is divided by 1324.
1294
What is the remainder when 268286 is divided by 2397?
2219
Calculate the remainder when 4639270 is divided by 22.
20
What is the remainder when 893494 is divided by 223370?
14
What is the remainder when 35243323 is divided by 7048660?
23
What is the remainder when 2035385 is divided by 1139?
1131
Calculate the remainder when 444608 is divided by 111147.
20
What is the remainder when 215782907 is divided by 10?
7
Calculate the remainder when 700593 is divided by 700583.
10
Calculate the remainder when 7062057 is divided by 1321.
1312
What is the remainder when 20924275 is divided by 5231065?
15
What is the remainder when 1185164 is divided by 467?
385
Calculate the remainder when 4964885 is divided by 35461.
345
What is the remainder when 144194 is divided by 28747?
459
Calculate the remainder when 8109553 is divided by 957.
892
Calculate the remainder when 5488742 is divided by 5008.
4982
What is the remainder when 334191 is divided by 333991?
200
Calculate the remainder when 223022 is divided by 222989.
33
What is the remainder when 2203418 is divided by 6?
2
What is the remainder when 8780276 is divided by 603?
596
Calculate the remainder when 1320252 is divided by 81.
33
What is the remainder when 650671 is divided by 26026?
21
What is the remainder when 291388 is divided by 1955?
93
What is the remainder when 1181951 is divided by 393968?
47
What is the remainder when 3767799 is divided by 256?
247
What is the remainder when 2384258 is divided by 297?
239
Calculate the remainder when 21966221 is divided by 246.
143
Calculate the remainder when 1467600 is divided by 84.
36
What is the remainder when 3709668 is divided by 371?
39
What is the remainder when 19223318 is divided by 216?
182
Calculate the remainder when 642610 is divided by 61.
36
What is the remainder when 785667 is divided by 377?
376
Calculate the remainder when 22103 is divided by 1153.
196
What is the remainder when 907264 is divided by 32401?
36
Calculate the remainder when 12801221 is divided by 412942.
19
What is the remainder when 3551993 is divided by 384?
377
Calculate the remainder when 143375 is divided by 2876.
2451
What is the remainder when 1020653836 is divided by 323?
322
What is the remainder when 1352878 is divided by 676433?
12
Calculate the remainder when 3132571 is divided by 219.
214
Calculate the remainder when 13441132 is divided by 239.
11
Calculate the remainder when 71366 is divided by 20.
6
What is the remainder when 200374 is divided by 94745?
10884
What is the remainder when 1451219 is divided by 1088?
915
Calculate the remainder when 2681932 is divided by 125.
57
Calculate the remainder when 117116 is divided by 2984.
740
What is the remainder when 59136389 is divided by 1585?
39
Calculate the remainder when 2011197 is divided by 789.
36
Calculate the remainder when 47769 is divided by 7172.
4737
Calculate the remainder when 62661 is divided by 31245.
171
Calculate the remainder when 12919712 is divided by 2153285.
2
Calculate the remainder when 3125567 is divided by 3125495.
72
What is the remainder when 66075 is divided by 2348?
331
Calculate the remainder when 53467256 is divided by 70167.
2
What is the remainder when 26167 is divided by 25058?
1109
What is the remainder when 2824592 is divided by 42?
8
Calculate the remainder when 493920 is divided by 493773.
147
Calculate the remainder when 4145019 is divided by 451.
329
What is the remainder when 1605249 is divided by 690?
309
What is the remainder when 7794746 is divided by 1095?
536
What is the remainder when 185255632 is divided by 216?
208
What is the remainder when 28104691 is divided by 699?
697
What is the remainder when 105277981 is divided by 162?
13
Calculate the remainder when 34159314 is divided by 65.
59
Calculate the remainder when 202023 is divided by 429.
393
Calculate the remainder when 74596848 is divided by 60.
48
Calculate the remainder when 47798803 is divided by 201.
199
Calculate the remainder when 802389 is divided by 401032.
325
Calculate the remainder when 406582 is divided by 49.
29
Calculate the remainder when 1144966 is divided by 1275.
16
What is the remainder when 2343868 is divided by 368?
76
What is the remainder when 3462021 is divided by 67?
64
Calculate the remainder when 880416 is divided by 4.
0
Calculate the remainder when 1514959 is divided by 1908.
7
Calculate the remainder when 2846731 is divided by 424.
419
What is the remainder when 8357280 is divided by 1671454?
10
Calculate the remainder when 2663048 is divided by 2655.
83
Calculate the remainder when 654134 is divided by 326989.
156
Calculate the remainder when 708448